ns digit of d?
8
Suppose 100*w = 36*w + 12864. Suppose 161 + 11 = 4*n. Let z = w - n. What is the hundreds digit of z?
1
Let q be ((-50)/(-15))/(2 + (-14)/12). Suppose 0 = 5*b - 5, -3*s - q*b + 1130 = 175. What is the tens digit of s?
1
Let o = -51 - -1380. Suppose -16*w + 13*w + 1311 = u, -3*w + 5*u = -o. What is the hundreds digit of w?
4
Let l = 1565 + -3030. Let k = -859 - l. What is the units digit of k?
6
Let z(t) = -t - 13. Let p be z(-13). Suppose -q - g = g - 73, p = q - 3*g - 93. Let r = 130 - q. What is the tens digit of r?
4
Let p be 4/(-20) + (12/(-15))/(-4). Suppose -14*m + 10*m + 5560 = p. What is the hundreds digit of m?
3
Let b = 3011 + 12586. What is the units digit of b?
7
Let f be (-6)/20 - 2664788/(-760). Suppose 0 = 5*m - 3*g - f - 3169, 3*m = -2*g + 4005. What is the tens digit of m?
3
Suppose -4*r + 0*r = 312. Let q = r + 88. What is the hundreds digit of 2916/15 + 1 - 4/q?
1
Let d(u) = 396*u - 12132. What is the units digit of d(64)?
2
Let r(k) = 4*k - 3*k**2 - k**3 + 11*k + 7*k - 14 - 6*k. Let d be r(-6). Let p(o) = 9*o**2 + 4*o + 2. What is the tens digit of p(d)?
3
Suppose -68*v = -69*v - 7, 3*i + v - 72341 = 0. What is the thousands digit of i?
4
Let p(c) = 187*c + 1436. What is the units digit of p(9)?
9
Let v(j) = j - 43. Let o be v(22). Let y = -20 - o. What is the tens digit of -2 - (-2 + 3)/(y/(-144))?
4
Let y(x) be the first derivative of -x**4/4 + 7*x**3/3 - 3*x**2 - x - 37. Let v be y(6). What is the tens digit of 4 - -2*(212/(-8))/v?
5
Suppose 3*c = -5*j - 939, c - 15*j + 299 = -12*j. Let r = -156 - c. What is the tens digit of r?
5
Suppose -7*m = -12*m + 15. Suppose -5*v = r + 28, -6*v = -m*r - 11*v - 34. Let n(z) = -36*z - 25. What is the units digit of n(r)?
3
Suppose -2*x = -3*x + 2. Suppose -x*c + 21 - 63 = -4*d, 45 = 4*d - 3*c. Let v = d + 15. What is the tens digit of v?
2
Let v be 0*(-9)/15*7/21. Suppose -8*u + 4570 + 2142 = v. What is the tens digit of u?
3
Let n(u) = -2976*u + 18. What is the tens digit of n(-1)?
9
Suppose 6*q + 4901 = 11*q + 3*c, 5*c + 15 = 0. Let k = q + -450. What is the units digit of k?
2
Let i be (6992 + 5)*(8 + -7). Suppose 0 = -8*h - 2029 + i. What is the units digit of h?
1
Let v(d) = 45*d**2 - 41*d - 51. What is the tens digit of v(-6)?
1
Suppose 23099 = f - w, 2*f - w - 55127 = -8934. What is the thousands digit of f?
3
Let q = -8259 + 18598. What is the hundreds digit of q?
3
Suppose 0 = -2*p + 18 + 296. Suppose 7*b = 19*b - 552. Suppose 0 = -w - b + p. What is the hundreds digit of w?
1
Suppose 41*b = 37*b + 12. Suppose 0*f = 3*f - b. Suppose -i + 27 = z + f, 3*i + 46 = z. What is the units digit of z?
1
Suppose 5*w - 47 = -3*u + 5, 2*w = 2*u - 8. Suppose 0 = 39*b - 33*b - 102. Let k = b + u. What is the tens digit of k?
2
Let c(l) = 11*l**2 - 180*l - 5. Let j be c(19). Let m(i) = -i**3 + i + 147. Let b be m(0). Suppose -b + j = 7*q. What is the tens digit of q?
5
Let r(x) = -3*x + 6. Let v be r(7). Let b be 2/(-10) - 3783/v. Suppose -q + 10*q - b = 0. What is the tens digit of q?
2
Let c(g) = 12*g - 47. Let m be c(12). Suppose -a + 216 + m = 0. What is the units digit of a?
3
Suppose 0 = 83*d - 81*d + 2480. What is the units digit of 1/5 - (-11)/((-550)/d)?
5
Let o(q) = 0*q**3 + 2*q + 19*q**3 + 1 - 14*q**3. What is the tens digit of o(3)?
4
Let i(p) = 198*p + 51. Let n be i(18). Suppose 12*a - n = 2577. What is the hundreds digit of a?
5
Suppose -31*j = -397934 - 125749. What is the hundreds digit of j?
8
Suppose a - 3*o - 16 = o, -3*a + 90 = 2*o. Suppose w = 166 - a. What is the hundreds digit of w?
1
Let p be 3/((-9)/8)*(-525)/28. Suppose 4*h = -z, -5*z - 2*h = -7*h - p. What is the hundreds digit of (122/z + 2)/(2/16)?
1
Let a(l) = -18*l**3 - 2*l**2 - 5 + 93*l + 95*l - 192*l. What is the hundreds digit of a(-2)?
1
Let t = -4957 - -9937. Suppose t = 10*l - 4*l. What is the hundreds digit of l?
8
What is the thousands digit of (14636/10)/(32 - (-3339)/(-105))?
7
Let o(d) = -d - 10*d**2 - 87 + 0*d + 11*d**2. Let z be o(0). Let l = -28 - z. What is the units digit of l?
9
Let n(d) = 89*d - 385. What is the hundreds digit of n(26)?
9
Let r(o) = 8*o**3 - 3*o**2 + o. Let y = -28 - -38. Let n(q) = -q**2 + 8*q + 22. Let v be n(y). What is the tens digit of r(v)?
5
Let k = -297 + 289. What is the units digit of (-1)/k - (-4)/(-32)*-5863?
3
Let g(b) = -b**3 - 34*b**2 - 45*b - 91. Let n be g(-34). Suppose 7195 = 5*a + 2*s, 0 = a + s + 2*s - n. What is the hundreds digit of a?
4
Let d(g) = -68*g - 23. Suppose 21 - 14 = -q - 5*l, 4*q + 4*l = -12. What is the units digit of d(q)?
3
Let i(h) = -3*h**2 - 13*h + 60. Let r be i(-24). Let q = 2685 + r. What is the tens digit of q?
2
Suppose 0 = 8*t - 6*t - 10. Let j(l) = 3*l + 6*l - 5*l + 27 - t*l. What is the tens digit of j(16)?
1
Suppose 24030 = 45*p - 14040. What is the tens digit of p?
4
Let u be (-2)/(-3)*-3 - -1 - -6. Let a be 4/u + (-1020)/(-100). What is the hundreds digit of 1883/a + (-8)/44?
1
Let r(k) be the third derivative of k**5/30 + 49*k**4/24 + 25*k**3/2 - k**2 + 161*k. What is the units digit of r(20)?
5
Let a(m) = m**3 + 13*m**2 + 10*m - 9. Let b(h) = h**3 - h + 1. Let j(k) = a(k) + 6*b(k). What is the units digit of j(4)?
9
Suppose 113 + 961 = -3*t. Let q = t - 31. Let f = q + 597. What is the tens digit of f?
0
Let t(l) = -38*l - 2. Let a be t(-2). Let d = a + -10. Let p = 274 - d. What is the tens digit of p?
1
Let z be 6 - (-66)/(-12) - (-1689)/6. Suppose -z - 208 = -10*x. What is the tens digit of x?
4
Let u(z) = -z**3 - 20*z**2 + 207*z + 696. What is the tens digit of u(-35)?
2
Let f = 127 + -125. Suppose 2*n = -2*d + 2994, 3*d = -f*n + 1805 + 1189. What is the thousands digit of n?
1
Let v(u) = u**3 + 68*u**2 + 265*u + 157. What is the tens digit of v(-60)?
5
Let w = -15 - -19. Let y(h) = h**2 - 2*h + 6. Let s be y(w). What is the units digit of 146/s - 9/21?
0
Let f be (-2 + 1)*(-142)/2. Suppose 3*y + 5 = 16*h - 11*h, -4*h + 4 = 5*y. What is the units digit of 1 - ((4 + -2)/h - f)?
0
Let x(z) = 674*z + 65. What is the units digit of x(26)?
9
Let a be (1 - (1 + 4)) + 5 + -39. Let y be 2/(-6) - (3 + a/6). Suppose -y*f + 2171 = 10*f. What is the tens digit of f?
6
Suppose -15 + 55 = 20*n. What is the units digit of (-2 + 1)/((-43)/(-22) - n)?
2
Let v be 115/10*(-38 + 0). Let q = 705 + v. What is the hundreds digit of q?
2
Suppose -b + 1176 = 3*h - 1277, 2450 = b + 4*h. What is the tens digit of b?
6
Let j = -228 - -231. Suppose 0 = -4*b + 4*o + 4248, -2*o + o - 3176 = -j*b. What is the thousands digit of b?
1
Let u(z) = -10*z**3 + 13*z**2 - 18*z + 17. Let b(n) = 3*n**3 - n**2. Let a(w) = 3*b(w) + u(w). Suppose 16 = 3*p - p. What is the units digit of a(p)?
1
Suppose -22*z - 21504 = -2012. Let b = z - -2246. What is the units digit of b?
0
Suppose w + 7 = 2*h + h, -40 = -5*h - 4*w. Let s(k) be the first derivative of -3*k**2/2 + 29*k + 1700. What is the tens digit of s(h)?
1
Let t = 1641 + -1640. Suppose 5 - 4 = -v. What is the units digit of (9 - -3) + t/(v + 0)?
1
Let n(j) = 2*j**3 - j**2 - 12*j + 5. Let x be n(-6). Let u = x + 789. What is the tens digit of u?
9
Suppose 5*x - 7 - 38 = 0. Suppose 3*v + m + x = 5*v, -4*v + 22 = 2*m. Suppose -p - 248 = -v*y, 5*y = -p + 58 + 184. What is the units digit of y?
9
Suppose 0 = -d - 8, 644*c - d = 642*c + 77740. What is the hundreds digit of c?
8
Let u = -7366 - -11001. What is the units digit of u?
5
Suppose 2 = -p + 9. Let q(h) = -8 + 21*h**3 - 7*h + 9*h**2 - 27*h**3 + 5*h**3. What is the tens digit of q(p)?
4
Let x = 43739 + -12722. What is the hundreds digit of x?
0
Let m = 11129 - 5828. What is the units digit of m?
1
Let d = 430 - 421. Suppose d*a = 8*a + 483. What is the hundreds digit of a?
4
Let h(u) = -21160*u - 1489. What is the ten thousands digit of h(-2)?
4
Suppose 65*f - 69*f = 4*n - 10488, -5*n - 2580 = -f. What is the tens digit of f?
1
Suppose -72*g + 4290069 = 125*g. What is the tens digit of g?
7
Let m(o) = -o**2 + 8*o - 2. Let w be m(8). Let x be (5/(25/10))/(w/(-4)). Suppose 4*y = 5*f + 494, 5*y - 132 = x*y - 3*f. What is the tens digit of y?
2
Suppose 3*j - 551 - 13354 = -2*j. What is the units digit of j?
1
What is the hundreds digit of (-3074)/29*(-1473)/6?
0
Suppose -11*r + 85310 + 77998 - 145 = 0. What is the ten thousands digit of r